(y) = 10*y**2 + 2*y + 1. Determine w(a).
9
Let w(r) = r**3 + 5*r**2 + 6*r + 6. Suppose 13*p + 40 = -12. Determine w(p).
-2
Let p(t) be the first derivative of t - 15 - 3/2*t**2. What is p(2)?
-5
Suppose -5*u + 18 = -2*v, 2*u + 46*v = 47*v + 7. Let k(p) = 3 - p - 3 + 3. What is k(u)?
-1
Let b(v) = -v**2 - 41*v - 271. Let z be b(-33). Let k(s) = -s**2 - 8*s - 7. What is k(z)?
0
Let m(s) = -s**3 - 2*s**2 + 3*s + 2. Let v be m(-3). Let z = 5 - v. Suppose -z*p = 9 + 6. Let a(n) = -n**2 - 7*n - 4. What is a(p)?
6
Let b(p) = p**2 + 11*p + 11. Let i(u) = -9*u**3 - 2*u**2 - 2*u + 3. Let w be i(1). What is b(w)?
1
Let a(t) = -22*t - 21. Let d(q) = 20*q + 18. Let v(j) = 5*a(j) + 6*d(j). Calculate v(-1).
-7
Let x(q) = -11 - 4*q**2 - 7*q + 2*q - 15*q. Let p(b) = b**2 + 7*b + 4. Let l be (-16)/5 - ((-88)/(-55))/2. Let n(f) = l*x(f) - 11*p(f). Determine n(-2).
14
Let p(h) be the second derivative of -h**3/6 + 2*h**2 - 13*h - 8. Give p(8).
-4
Let r(v) = v**3 - 4*v**2 + 3*v - 1. Suppose 3*h = 7*h - 12. Suppose 0 = 4*a - h*n + 3, -3*n = a - 18 - 0. Calculate r(a).
-1
Let b be (-18)/4*(0 + 12/(-9)). Let k(d) = -b*d + 6 - 14*d + 23*d. Calculate k(-7).
-15
Let i(u) = -u - 1. Let t be (-20 - -18)*(1/2 + 2). Calculate i(t).
4
Let a(h) = -6 + 15*h**2 + 5*h - 9*h + 2*h - 14*h**2. Determine a(0).
-6
Let a(v) = -v**2 + 7*v - 8. Let s be a(4). Suppose 4*t = 5 - 1. Let r(d) = 2*d - d - 5 + t. What is r(s)?
0
Suppose u + 1 = -5*r, 14*r = 16*r + u - 2. Let i(l) = -l**2. Give i(r).
-1
Let j(p) = 2*p - 1. Let b(f) = -f. Let m(c) = b(c) - j(c). Let n be 2/(-6) - 75/(-9). Suppose 6 - 22 = -n*l. Calculate m(l).
-5
Suppose -21 = 178*g - 171*g. Let f(i) = i**3 + 3*i**2 + 2*i + 7. Calculate f(g).
1
Let v = 31 - 28. Let j(n) = 0*n**3 + 0*n**v + 0 + n**3 - 5*n + 3*n**2 - 4. Calculate j(-4).
0
Suppose 8*o = 3*o + 5. Let r(h) = 4*h**3 - h**2. Let k be r(o). Let m(b) = -3 + 113*b + 7 - 2*b**2 - 110*b. What is m(k)?
-5
Let m be (1 - -2) + 35/5. Let y be (-3)/((-6)/(-4)) + m. Let o be (-16)/y + 6/(-2). Let i(u) = u**2 + 4*u - 6. Give i(o).
-1
Suppose -5*y = 14 + 126. Let s be (-148)/y - (-6)/(-21). Suppose 0 = -4*x + s*l - 6, -x - 13 = -5*l - 4. Let c(q) = 9*q - 1. What is c(x)?
8
Let s(o) = -o - 1. Suppose -4*f + f + 21 = 5*p, -5*f = -3*p - 1. Calculate s(f).
-3
Let v = 447 - 447. Let i(w) = w**2 + w + 5. What is i(v)?
5
Let l(d) = -d**2 + 9*d - 2. Suppose -3 = 2*v - 5*v. Let k be 16/4*(3 - v). What is l(k)?
6
Let z(l) be the third derivative of -l**6/120 - 3*l**5/10 - 17*l**4/24 + 2*l**3 + 30*l**2 - 4*l. Determine z(-17).
12
Let s(k) = k**2 + 7*k + 7. Suppose -3*q = -26 - 1. Suppose -4*g = 4*n - 24, -2*n + 4*n + q = 5*g. Suppose d + 20 = -n*d. Determine s(d).
-3
Let n(c) = c**2 + 6*c + 6. Let a(y) = -20*y - 47. Let w be a(-5). Suppose 17*l = -49 - w. What is n(l)?
6
Let q(j) = j**3 - 4*j**2 + 4*j - 4. Let m(w) = -w**2 + 9*w + 13. Let i be m(10). Suppose 15 = v + i*f, -13 = v - 2*f - 2*f. Calculate q(v).
-1
Let z(n) = 2*n - 1. Let w be 2*((-42)/(-20) - 6/(-15)). Let v be (-4)/(-2) - (-5 + w + -5). What is z(v)?
13
Let z(j) = -13*j**3 - 2*j**2 + 7*j - 5. Let c(f) = 46*f**3 + 6*f**2 - 21*f + 14. Let u(g) = 2*c(g) + 7*z(g). Calculate u(2).
7
Let z(a) = 13*a**2 - 50*a + 92. Let v(b) = 3*b**2 - 13*b + 23. Let k(m) = -9*v(m) + 2*z(m). What is k(16)?
-7
Let c(k) = 5*k + 27. Let b(i) = -11*i - 59. Let r(d) = 4*b(d) + 9*c(d). Calculate r(-4).
3
Let z be (6/7)/(((-6)/(-14))/3). Let q(v) = 10*v**3 - 3 + 0 - 11*v**3 + z*v**2 - 4*v + 2. Determine q(4).
15
Let k(j) = -j - 4. Let z(g) = -2*g - 4. Let l(i) = 3*k(i) - 2*z(i). Let n(y) = 2*y - 12. Let v(b) = -17*l(b) + 6*n(b). Calculate v(-4).
16
Let b(o) = -12*o - 111. Let a be b(-9). Let f(v) = 3*v + 3. Give f(a).
-6
Let y = 93 + -185/2. Let k(m) be the third derivative of 7*m**2 + y*m**3 - 1/120*m**6 + 0*m - 1/3*m**4 + 0 + 7/60*m**5. Calculate k(5).
13
Let z(i) = i**3 - 5*i**2 + 3*i - 4. Let n = 119 - 55. Let t be (n/40)/(2/5). What is z(t)?
-8
Let s(f) = -f**2 + f - 5. Let l(k) = 4*k - 112. Let o be l(29). Give s(o).
-17
Let h(o) = o + 9 + 0 - 2. Let d be h(-7). Let z(c) = 6*c - 4*c - c + c**2 + 16. What is z(d)?
16
Let w(k) be the first derivative of -k**2 + 8*k - 2. Let n = -284 + 290. Determine w(n).
-4
Let m(v) = v**2 - 10*v - 10. Suppose 0 = 14*k + 290 + 1404. Let d = k + 132. Determine m(d).
1
Suppose -378*p = -374*p - 44. Let d(l) = l**2 - 13*l + 16. Give d(p).
-6
Let x(r) = r**3 + 9*r**2 + 3*r - 8. Let i(b) = -b + 11. Let u be i(6). Let c = -3 - u. Determine x(c).
32
Let f(b) = -7*b - 47. Let a be f(-7). Suppose -5*m + 19 = 2*q, -16 + 39 = 5*m + 4*q. Let x(p) = -m + a*p**2 - 4*p**2 - 2*p - 5*p + p**2. Give x(-5).
7
Let d(i) = i - 3. Let n be 130/(-455) + (-30)/(-7). Determine d(n).
1
Let q(u) be the second derivative of -u**7/840 + u**6/40 - u**5/120 + 5*u**4/24 - 8*u**3/3 + 19*u. Let x(z) be the second derivative of q(z). What is x(9)?
-4
Let j(q) = 4*q**2 - q + 4 - 6*q**2 - 3*q**2 + 7*q**2 - 6*q**2. Determine j(-3).
-29
Let n(g) be the second derivative of g**4/12 + 8*g**3/3 - 9*g**2 + 3*g. Let z be n(-17). Let a(c) = 4*c**3 + c**2 + 2*c + 1. Determine a(z).
-4
Suppose -10 = 3*m + 2. Let b = 1 + m. Let a(n) = 5*n - 7. Let j(v) = -v + 1. Let f(z) = -a(z) - 4*j(z). What is f(b)?
6
Let f(z) = 1. Suppose 0 = -41*i + 42*i - 4. Let j(n) = -n**2 + 5*n + 3. Let t(w) = i*f(w) + j(w). Determine t(6).
1
Let c(h) be the second derivative of -h**5/20 + h**4/3 + h**3/6 + 10*h + 2. Let u = -11 - -5. Let x be (-4)/(-6) + (-20)/u. Determine c(x).
4
Let q(b) = -b + 5. Let i(y) = -3*y + 16. Let a(x) = -3*i(x) + 8*q(x). What is a(4)?
-4
Let f = -10 - -17. Let r(g) be the first derivative of -g**5/20 + g**4/2 + 5*g**3/3 - 5*g**2 + 2*g - 3. Let v(t) be the first derivative of r(t). What is v(f)?
11
Let p(n) = -132 + 263 - 134 - n. Determine p(-7).
4
Let b(t) = 2*t**2 - 5*t - 1. Let v = -17 - -19. Suppose v*o = -4*u + 22, -2*o = -4*u + 5*u - 10. Calculate b(u).
11
Let w(t) = -t**2 + 3*t. Let j be 2/1 + 75/3. Let o = -19 + j. Suppose 12*m = o*m + 12. Determine w(m).
0
Let j(y) = 17*y**2 + 28. Let n(k) = -20*k**2 - k - 29. Let q(p) = -7*j(p) - 6*n(p). What is q(-9)?
5
Let t(h) be the first derivative of h**6/360 + h**4/24 - 2*h**3/3 - 1. Let a(b) be the third derivative of t(b). Let f be (-45)/12 - 24/(-32). Give a(f).
10
Let f(g) = -2*g - 6. Let b = -363 + 358. Determine f(b).
4
Let t(p) be the second derivative of p**3/6 - p**2/2 - p. Suppose 0 = -29*a + 31*a - 6. Suppose -4*l - 3 + 4 = 3*c, a*c = 4*l - 31. Calculate t(l).
3
Let p(s) be the third derivative of s**5/60 + 3*s**4/8 - s**2 - 21. Let l = 117 - 126. Calculate p(l).
0
Let j(r) = -r**3 - r**2 + 5*r + 4. Let w(c) = c**2 + c + 1. Let m(o) = j(o) - 5*w(o). Give m(-6).
-1
Suppose f + 6 = -3*s + 16, -4*s + 8 = 2*f. Let a(j) = j**3 - 4*j**2 + 3. Let o be a(4). Let k(t) = -1 + o*t - 2*t + 0. Give k(s).
5
Let z = 3 - 3. Let w(s) be the second derivative of -s**4/12 + s**3/6 + 28*s. Give w(z).
0
Let s(p) be the third derivative of p**6/120 - p**5/15 - p**4/24 - 2*p**3/3 - 891*p**2. What is s(5)?
16
Let u(l) = 3*l**3 + 3*l**2 + l - 9. Let f(k) = -k**3 - k**2 - 1. Let p(x) = -4*f(x) - u(x). Give p(0).
13
Suppose 0*d - 3*d = 0. Let o(s) be the third derivative of s**6/120 - s**5/60 - s**4/24 - s**3/6 - 267*s**2. Give o(d).
-1
Let z(u) = -u**2 + u - 2. Suppose 2*x - 95 + 27 = 0. Suppose 2*j - 4*h = x + 4, h - 3 = 0. Suppose 5*r + j = p - 4*p, 4*r + 20 = p. Give z(p).
-2
Let r(p) = p**3 + 3*p**2 - p. Let z be r(-3). Suppose -c + 1 = -4*m, 17 = -0*c + z*c - 5*m. Let i(s) = c*s - 18*s + 8*s - 6. Calculate i(-8).
2
Let z(k) = k - 6. Let g = -20 - -21. Suppose -2*f = x - 0*f + g, 2*x + f = 4. Let r be 6*(-2)/(-3) + x. What is z(r)?
1
Suppose 0 = -y + 3, -3*i + 5*i - 2*y = -2. Let f(z) be the first derivative of 1/2*z**i - 4*z + 2/3*z**3 + 1. Calculate f(-3).
11
Let i(m) be the second derivative of -m**4/12 + m**3/2 + 3*m**2 + 206*m. Determine i(7).
-22
Let x be ((-4)/(-10))/((-1)/25). Let o(h) be the third derivative of h**6/120 + 11*h**5/60 + 5*h**4/12 + 13*h**3/6 - 8*h**2. What is o(x)?
13
Let a(u) = -u**3 + 11*u**2 + 6*u + 8. Let r(h) = 2*h**3 - 23*h**2 - 12*h - 17. Let c(y) = -9*a(y) - 4*r(y). Calculate c(8).
12
Let x(v) = -v**2 - 6*v + 3. Let r(t) = t**3 + t - 1. Let l(n) = r(n) + x(n). What is l(3)?
5
Let u(h) =